ose -y*x = 2*r + 2*r - 734, 0 = 3*x - r - 437. Suppose 135*f - x = 133*f. What is the units digit of f?
3
Let b(a) = 2*a + 7. Let l be (-2)/(-4) + (-255)/(-10). What is the tens digit of b(l)?
5
Let c(d) = 39*d + 39. Let k be c(16). Let n = -265 + k. Let a = -189 + n. What is the hundreds digit of a?
2
Suppose 0 = -71*a + 67*a + 8. What is the tens digit of (402/12)/(a/40)?
7
Suppose -y - 4*l = -3126, -5*y + 10064 = l - 5623. What is the units digit of y?
8
Suppose -6444 = 131*c - 119*c. Let q = 139 - c. What is the hundreds digit of q?
6
Let w(i) = -i**3 - i**2 - i + 18. Let n be w(0). Let y = 22 - n. Suppose 0 = 3*a - 4*v - 85, a + 0*a - 23 = -y*v. What is the tens digit of a?
2
Let s(b) = b**2 - 3*b - 6. Let c be s(5). Suppose -x = 2*m + 55, -175 - 110 = c*x - 5*m. Let n = -15 - x. What is the units digit of n?
0
Suppose 4*j + 5*z - 78 = 183, 0 = 3*j - 2*z - 213. Let v = -165 + j. Let n = -72 - v. What is the tens digit of n?
2
Let l be (-2)/(-6)*12/(0 + 1). Suppose l*f - d + 0*d = 374, 3*d + 88 = f. What is the units digit of f/2*(-20)/(-10)?
4
Suppose 0 = 3*u - r - 11847, 30*r + 23694 = 6*u + 27*r. What is the thousands digit of u?
3
Suppose 14 = 26*x - 19*x. Suppose x*y - 394 = 4*l, -5*y + 813 = -y - 3*l. What is the tens digit of y?
0
Let m(j) = 8*j - 13*j**2 - 2 - j**3 + 3*j**2 + 0*j**3 - 1. Let d be m(-11). Suppose 5*i - 235 = -d. What is the tens digit of i?
4
Let v = -284 - -286. Suppose -q = q - v*h - 1396, 0 = -2*q - 2*h + 1408. What is the units digit of q?
1
Let i = 175878 - 104006. What is the units digit of i?
2
Suppose 6*l - 12527 = f, -4*l + f - 1551 = -9904. What is the units digit of l?
7
Let k(d) = 5*d**3 + 2*d**2 - 5*d - 4. Let t be k(-3). Let a = t - -200. What is the tens digit of a?
9
Suppose -965*o + 957*o + 3416 = 0. What is the tens digit of o?
2
Suppose -166*q - 243680 = -340*q + 154*q. What is the thousands digit of q?
2
Let s be 174/8 + (8 - 280/32). Suppose 4*i - 3*i = -36. What is the units digit of i/s*77/(-2)?
6
Suppose -2*t + 14 = -3*h - 6, -3*h = 0. Suppose -5*k - 650 = 3*j, 4*j + 0*k - 4*k = -920. What is the tens digit of ((-8)/t)/(2*3/j)?
3
Suppose -u + 311 - 301 = 0. Let w(x) = 2*x - 16. Let f be w(u). Suppose -m + 133 = -2*l, -4*m + 115 = -3*m + f*l. What is the hundreds digit of m?
1
Let r(b) = -9*b**2 - 6*b - 2. Let m(d) = -3*d**2 - 2*d - 1. Let x(c) = 11*m(c) - 4*r(c). Let a be x(-5). Let t = a + 7. What is the units digit of t?
9
Let h = 55 + -54. Let w(k) = 3*k**3 + k**2 + 1. Let y be w(h). Let v(b) = 43*b - 34. What is the tens digit of v(y)?
8
What is the thousands digit of -2 + 4 - (-29147 + -14 - -17)?
9
Let t(g) = -41*g**3 + 3*g**2 - 11*g - 24. Let c be t(-3). Let x = 2565 - c. What is the hundreds digit of x?
4
Let m(z) = 86*z + 46. Let u be m(7). Suppose -495*j = -494*j - u. What is the tens digit of j?
4
Let m be ((-12)/10)/(6/(-20)). Suppose -2*n = 2*o + 164, m*n + 162 = -2*o - 0*n. What is the units digit of (-6 - 64/(-8))/((-1)/o)?
6
Suppose 0*w + 261 = m + 2*w, 0 = 5*m - w - 1349. Suppose 3*c = 2*f - m, -f - 2*f + 384 = 2*c. Let a = -90 + f. What is the tens digit of a?
4
Let o(d) = 6*d + 121. Let m be o(-20). What is the hundreds digit of (m + 5)*5168/228?
1
Let a be 4 - 8 - 88/((-2)/(-1)). Let o be ((a/(-6))/8)/((-2)/(-790)). Suppose 0 = 4*r + 3*p - 337, 5*r + 0*r - o = 5*p. What is the tens digit of r?
8
Let c be 2 - ((-3)/(6/4))/(-1). Let t(p) = -8*p. Let d be t(c). Suppose 3*z = -d*z + 66. What is the tens digit of z?
2
Suppose 1957*f = 1932*f + 14300. What is the hundreds digit of f?
5
Let v = -20469 - -25319. What is the units digit of v?
0
Let g(m) = -11197*m + 22. What is the thousands digit of g(-1)?
1
Let b = -420 + 435. Let g(q) = -2*q**3 + 35*q**2 - 43*q - 2. What is the tens digit of g(b)?
7
Suppose 2*l - 35021 = 5*m, -5*l + 87475 = -46*m + 49*m. What is the hundreds digit of l?
4
Suppose -80*l + 616 = -66*l. Suppose 13*v + l*v - 50160 = 0. What is the tens digit of v?
8
Let o(k) = k**2 - 17*k + 6. Let w(x) = -2*x**2 + 18*x - 7. Let f(m) = -6*o(m) - 5*w(m). What is the hundreds digit of f(-13)?
5
Let f be 1 - (-10)/(-3) - 12/18. Let p(t) = -260*t**2 - 105*t + 40. Let k(v) = 20*v**2 + 8*v - 3. Let o(c) = 40*k(c) + 3*p(c). What is the units digit of o(f)?
5
Let x(o) = 249*o**3 + 15*o**2 - 6*o + 8. What is the units digit of x(3)?
8
Let g be 1/(4*(-2)/(-32)). Suppose 3*c + 18 = g*m, 0 = -2*c - 3*m + 1 + 4. What is the units digit of 55 - (-3)/c*8/3?
1
What is the ten thousands digit of (-152795)/(-2)*(828/45 - 18)?
3
Let d = 97182 + -28590. What is the ten thousands digit of d?
6
Let y = 838 + -837. What is the hundreds digit of (-150)/(-25) + y + -2 - -926?
9
What is the units digit of 3142 + 20/((-160)/(-24))?
5
Let p(a) = 12*a**2 + 85*a + 49. What is the thousands digit of p(21)?
7
Let h(k) = -11*k - 48. Suppose -2*q - 19 = 9. What is the tens digit of h(q)?
0
Let v = -11939 - -17764. What is the tens digit of v?
2
Let m = -107800 - -152124. What is the tens digit of m?
2
Suppose -2347 - 1891 = -4*z - 870. What is the hundreds digit of z?
8
Let p(g) = -g - 2. Let x be p(-15). Let k = x + -10. Suppose -k*m - 3*m = -144. What is the units digit of m?
4
Let h = 168 + -200. Let l = h + 295. What is the units digit of l?
3
Let m = -228 - -471. Let p = m + -20. What is the tens digit of p?
2
Suppose 3*o + 0*v - 3*v - 2346 = 0, -4*v - 8 = 0. Suppose -2*n = -8*n + o. What is the units digit of n/15*14/(-4)*-3?
1
Let c = -61 - -84. Suppose -c*v = -11163 - 2361. What is the units digit of v?
8
Let r be 98 + ((-3)/6)/((-1)/6). Suppose 0 = r*q - 77*q - 744. What is the tens digit of q?
3
Suppose 7*q = 0, -9*q + 109900 = 5*b - 0*q - 5*q. What is the hundreds digit of b?
9
Suppose -335 = -6*u + u + 5*q, 4*q = -3*u + 166. Let a = u + -26. What is the units digit of a?
6
Suppose 15 - 51 = 6*s. Let p(d) = d**3 + 15*d**2 + 7*d - 2. What is the tens digit of p(s)?
8
Suppose z + 4*i - 1680 = 0, 4*i + 2176 - 456 = z. Let k = z + -517. What is the hundreds digit of k?
1
Let t(b) = -70*b + 27. Let r be t(-3). Suppose 343*p = 344*p - r. What is the tens digit of p?
3
Let l(u) = -7*u**3 + 9. Let v = -167 - -163. What is the hundreds digit of l(v)?
4
Let q = -90 - -699. Suppose -5*d - 60 = 7*x + 3*x, 0 = 4*d - 5*x - 17. What is the tens digit of (q/(-14))/(d/4)?
8
Suppose 4*p = 780 + 1468. Suppose p = 3*d + 49. What is the tens digit of d?
7
Let g(a) = 4690*a - 607. What is the tens digit of g(2)?
7
Let m be 3222/(-20) - (-31)/310. Let h = 95 - m. What is the tens digit of h?
5
What is the tens digit of (-1)/2*(-411622)/277?
4
Let x = 291 + -319. What is the units digit of (-3 + (-91)/x)*(-1108)/(-1)?
7
Let f be -2*(-150)/20*60. Let l = 6 - 4. Suppose l*y = 11*y - f. What is the hundreds digit of y?
1
Suppose 5*n = -f + 33, -3*n = 2*n - 4*f - 43. Suppose -3*p = 2*h - 121, -4*h + n*h - 126 = -3*p. What is the units digit of p?
7
Let m(x) = -x - 10. Let r be m(-14). Suppose 3*z + 1 = 5*p, p - r*z - 13 = -6. What is the units digit of (3 + p)*33 + 0?
6
Let r = 19242 + -10784. Suppose -r = -16*g + 6166. What is the hundreds digit of g?
9
Suppose -38*x - 29519 = -39*x + 26639. What is the units digit of x?
8
Let c(s) = -s**3 + 44*s**2 + 30*s - 345. What is the ten thousands digit of c(32)?
1
Suppose -4*v + 9 = -11. Suppose v*w + 22 = 22. Suppose -4*d + w*d + 5*g = 12, g + 4 = 4*d. What is the units digit of d?
2
Let p = 290 - 299. Let k(a) = -a**3 - 5*a**2 - 5*a + 31. What is the units digit of k(p)?
0
Let t be 2*(-10 - -5)*8. Suppose b - 3*n - 136 = 0, 7*n = -b + 2*n + 96. Let h = b + t. What is the units digit of h?
1
Let u be -3 + (-8 - -4)*(-20)/16. What is the units digit of (-13821)/(-34) - 3/u?
5
Let t be -2 - 54/(-24) - 107610/(-24). Suppose -4*w + 1563 = -3*u - t, w + 4*u = 1526. What is the thousands digit of w?
1
Let k(c) = 84*c - 420. Let d(f) = -7*f + 35. Let g(p) = -35*d(p) - 3*k(p). Let n be g(10). Let i = 39 + n. What is the units digit of i?
4
Let b = 24470 - 15521. What is the thousands digit of b?
8
Let l be ((-5)/((-60)/147))/(3/(-732)). What is the units digit of (5/(-35)*4)/(14/l)?
2
Suppose -369750 = -110*y - 90*y + 55*y. What is the units digit of y?
0
Suppose 7*j + 448856 = 26*j + 19*j. What is the hundreds digit of j?
8
Let d(u) = u**3 - 13*u**2 + 12*u + 4. Let f be d(12